 3311 is divided by 17.
13
Calculate the remainder when 4155 is divided by 46.
15
Calculate the remainder when 7580 is divided by 57.
56
Calculate the remainder when 526 is divided by 23.
20
Calculate the remainder when 87 is divided by 21.
3
Calculate the remainder when 186 is divided by 34.
16
Calculate the remainder when 3184 is divided by 35.
34
What is the remainder when 24 is divided by 19?
5
What is the remainder when 801 is divided by 94?
49
Calculate the remainder when 102 is divided by 26.
24
Calculate the remainder when 114 is divided by 30.
24
Calculate the remainder when 721 is divided by 113.
43
What is the remainder when 289 is divided by 19?
4
Calculate the remainder when 22 is divided by 14.
8
What is the remainder when 1047 is divided by 75?
72
Calculate the remainder when 25408 is divided by 55.
53
What is the remainder when 1928 is divided by 38?
28
Calculate the remainder when 267 is divided by 131.
5
Calculate the remainder when 2202 is divided by 35.
32
Calculate the remainder when 215 is divided by 24.
23
Calculate the remainder when 10993 is divided by 46.
45
Calculate the remainder when 124 is divided by 56.
12
Calculate the remainder when 4633 is divided by 103.
101
Calculate the remainder when 211 is divided by 66.
13
What is the remainder when 431 is divided by 203?
25
Calculate the remainder when 127 is divided by 8.
7
Calculate the remainder when 2629 is divided by 15.
4
What is the remainder when 305 is divided by 18?
17
Calculate the remainder when 74 is divided by 63.
11
Calculate the remainder when 354 is divided by 89.
87
What is the remainder when 317 is divided by 20?
17
What is the remainder when 1199 is divided by 60?
59
Calculate the remainder when 1935 is divided by 19.
16
What is the remainder when 5022 is divided by 148?
138
Calculate the remainder when 49 is divided by 26.
23
Calculate the remainder when 226 is divided by 73.
7
What is the remainder when 472 is divided by 11?
10
Calculate the remainder when 5992 is divided by 74.
72
Calculate the remainder when 409 is divided by 105.
94
Calculate the remainder when 2975 is divided by 13.
11
Calculate the remainder when 326 is divided by 112.
102
What is the remainder when 149 is divided by 72?
5
Calculate the remainder when 30 is divided by 12.
6
What is the remainder when 434 is divided by 73?
69
What is the remainder when 41 is divided by 6?
5
Calculate the remainder when 81 is divided by 43.
38
What is the remainder when 112 is divided by 7?
0
What is the remainder when 754 is divided by 93?
10
Calculate the remainder when 524 is divided by 144.
92
Calculate the remainder when 8738 is divided by 23.
21
What is the remainder when 7229 is divided by 22?
13
What is the remainder when 469 is divided by 43?
39
Calculate the remainder when 44917 is divided by 40.
37
What is the remainder when 67 is divided by 18?
13
Calculate the remainder when 104 is divided by 28.
20
What is the remainder when 218 is divided by 57?
47
What is the remainder when 740 is divided by 3?
2
What is the remainder when 110 is divided by 9?
2
What is the remainder when 283 is divided by 87?
22
What is the remainder when 43 is divided by 23?
20
Calculate the remainder when 638 is divided by 64.
62
Calculate the remainder when 1178 is divided by 9.
8
Calculate the remainder when 256 is divided by 52.
48
Calculate the remainder when 5603 is divided by 17.
10
What is the remainder when 1555 is divided by 4?
3
What is the remainder when 1426 is divided by 235?
16
Calculate the remainder when 1623 is divided by 63.
48
Calculate the remainder when 573 is divided by 12.
9
Calculate the remainder when 1030 is divided by 129.
127
What is the remainder when 18 is divided by 9?
0
Calculate the remainder when 48 is divided by 5.
3
Calculate the remainder when 615 is divided by 37.
23
What is the remainder when 2859 is divided by 952?
3
What is the remainder when 94 is divided by 67?
27
What is the remainder when 763 is divided by 759?
4
Calculate the remainder when 325 is divided by 11.
6
Calculate the remainder when 111 is divided by 58.
53
What is the remainder when 41198 is divided by 103?
101
What is the remainder when 2647 is divided by 53?
50
Calculate the remainder when 131 is divided by 48.
35
What is the remainder when 106 is divided by 106?
0
What is the remainder when 178 is divided by 8?
2
Calculate the remainder when 305 is divided by 50.
5
Calculate the remainder when 415 is divided by 209.
206
What is the remainder when 160 is divided by 28?
20
Calculate the remainder when 235 is divided by 15.
10
Calculate the remainder when 277 is divided by 154.
123
Calculate the remainder when 2473 is divided by 102.
25
What is the remainder when 109 is divided by 22?
21
What is the remainder when 1910 is divided by 120?
110
What is the remainder when 838 is divided by 269?
31
What is the remainder when 53 is divided by 14?
11
Calculate the remainder when 192 is divided by 183.
9
Calculate the remainder when 214 is divided by 207.
7
Calculate the remainder when 41 is divided by 26.
15
Calculate the remainder when 430 is divided by 72.
70
What is the remainder when 95 is divided by 48?
47
What is the remainder when 459 is divided by 40?
19
Calculate the remainder when 1818 is divided by 1814.
4
What is the remainder when 337 is divided by 18?
13
What is the remainder when 1517 is divided by 309?
281
Calculate the remainder when 323 is divided by 61.
18
What is the remainder when 630 is divided by 210?
0
What is the remainder when 6390 is divided by 83?
82
Calculate the remainder when 252 is divided by 17.
14
What is the remainder when 316 is divided by 62?
6
What is the remainder when 429 is divided by 36?
33
Calculate the remainder when 63 is divided by 17.
12
What is the remainder when 2634 is divided by 6?
0
What is the remainder when 1127 is divided by 103?
97
What is the remainder when 41 is divided by 4?
1
Calculate the remainder when 1049 is divided by 214.
193
Calculate the remainder when 43 is divided by 16.
11
What is the remainder when 143 is divided by 29?
27
Calculate the remainder when 1161 is divided by 11.
6
What is the remainder when 733 is divided by 257?
219
What is the remainder when 399 is divided by 157?
85
Calculate the remainder when 1535 is divided by 381.
11
Calculate the remainder when 166 is divided by 57.
52
What is the remainder when 419 is divided by 28?
27
What is the remainder when 166 is divided by 38?
14
Calculate the remainder when 316 is divided by 29.
26
What is the remainder when 28573 is divided by 19?
16
What is the remainder when 805 is divided by 121?
79
What is the remainder when 431 is divided by 18?
17
What is the remainder when 11301 is divided by 5?
1
Calculate the remainder when 4755 is divided by 101.
8
Calculate the remainder when 695 is divided by 234.
227
Calculate the remainder when 274 is divided by 62.
26
What is the remainder when 3353 is divided by 35?
28
Calculate the remainder when 3575 is divided by 139.
100
What is the remainder when 225 is divided by 202?
23
What is the remainder when 237 is divided by 15?
12
Calculate the remainder when 55 is divided by 23.
9
Calculate the remainder when 61 is divided by 23.
15
What is the remainder when 2832 is divided by 2820?
12
Calculate the remainder when 18 is divided by 15.
3
Calculate the remainder when 28 is divided by 11.
6
Calculate the remainder when 35 is divided by 8.
3
Calculate the remainder when 69 is divided by 65.
4
What is the remainder when 188 is divided by 80?
28
Calculate the remainder when 1219 is divided by 37.
35
What is the remainder when 148 is divided by 41?
25
Calculate the remainder when 159 is divided by 80.
79
Calculate the remainder when 2217 is divided by 6.
3
What is the remainder when 19368 is divided by 130?
128
What is the remainder when 56 is divided by 6?
2
What is the remainder when 64 is divided by 13?
12
What is the remainder when 130 is divided by 22?
20
Calculate the remainder when 107 is divided by 46.
15
What is the remainder when 781 is divided by 29?
27
Calculate the remainder when 25378 is divided by 20.
18
Calculate the remainder when 7784 is divided by 229.
227
Calculate the remainder when 35 is divided by 8.
3
What is the remainder w